0. What is the highest common divisor of 25 and c?
5
Let n = 42 - -69. Suppose 2*p - 3*f - n = 0, 5*p - f - 2*f - 300 = 0. Calculate the highest common factor of 14 and p.
7
Let h(v) = -2*v**2 - 24*v - 24. Let b be h(-9). Calculate the highest common divisor of 40 and b.
10
Suppose 0 = -9*u + 14037 + 24069. Let d be u/18 + (3 - (-232)/(-72)). Calculate the greatest common divisor of 94 and d.
47
Let y(c) = 7*c - 18. Let d be y(13). Suppose d = -9*w + 505. What is the greatest common factor of 12 and w?
12
Let x be (-96)/(-60)*(-25)/(-2) + -1. Suppose -j - 15 = -x. Calculate the highest common divisor of 12 and j.
4
Suppose -5*u + 720 = -w, 2*u + 5*w = 6*u - 597. Calculate the greatest common factor of u and 26.
13
Let v be 2961/9 + 2 + (-20)/(-4). Suppose -2*k + 122 = 38. Calculate the highest common divisor of k and v.
42
Suppose -4*b + 3*m = -m - 104, 10 = -5*m. What is the highest common divisor of b and 204?
12
Suppose -s = -2*d + 1, -6*d = -2*d - s - 7. Suppose 0 = -3*b - d*t + 12, 0*b = 4*b + 3*t - 20. Let f = 26 - b. Calculate the highest common divisor of 9 and f.
9
Suppose 0 = k - 5*k + 112. Suppose 2*y - 6*l = -l - 35, 0 = 3*y - 4*l + 49. Let i be (12/y)/(6/(-525)). What is the highest common factor of i and k?
14
Let f(z) = z**3 + 26*z**2 - 37*z - 27. Let g be f(-27). What is the highest common factor of 27 and g?
27
Let r be 27 - (-2 + 1 + 1). Suppose 0 = 5*z - 49 + 139. Let b be (12/(-18))/((-8)/(-6))*z. What is the greatest common factor of r and b?
9
Let d = -7 - -12. Suppose -8 = -y + 2*w, -3*y - 2*y + d = -3*w. Let h be ((-4)/(-3))/(y/(-36)). What is the highest common divisor of h and 36?
12
Suppose 3*q + 199 = 238. What is the greatest common factor of 208 and q?
13
Let m be (60/70)/((-2)/(-630)). Calculate the highest common divisor of m and 108.
54
Suppose 4*l + 5*x - 37 = 0, 5*x - 31 = -0*l - 2*l. Suppose -23 = -l*z - i, 4*z - 15 = -2*i + 15. Calculate the greatest common divisor of 8 and z.
8
Let s = 492 + -484. Suppose -5*a = -240 - 465. Let w = a - 77. What is the greatest common divisor of s and w?
8
Suppose -8*t + 166 = -306. What is the highest common factor of t and 295?
59
Let a(v) = v**3 - v**2 - 5*v - 4. Let b be a(5). Let p = -15 + b. Calculate the highest common factor of 42 and p.
14
Let o(j) = -j**3 + 29*j**2 - 15*j - 324. Let p be o(28). Let i = 54 + -14. What is the highest common divisor of i and p?
40
Let q(v) = 5*v - 13. Let w be q(3). Calculate the highest common divisor of w and 74.
2
Suppose 7*k = 4*k + 312. Suppose -t + 2*w + 16 = -2, -4*w = 3*t - k. What is the greatest common factor of t and 70?
14
Let r = -2 + -36. Let m = 49 + r. Suppose 0 = -4*i + 13 + m. Calculate the greatest common factor of 6 and i.
6
Let i be (-15)/(-90) - (-3875)/6. What is the greatest common divisor of i and 68?
34
Suppose 2249 + 3016 = 9*m. Calculate the highest common factor of 135 and m.
45
Let m = 182 - 138. What is the highest common factor of 396 and m?
44
Let t(v) be the second derivative of -v**5/10 - 13*v**4/6 - v**3/6 - v**2/2 + 30*v. Let d be t(-13). Calculate the highest common divisor of 8 and d.
4
Let t = -82 + 97. Suppose s + 3 = z - t, 5*s + 69 = 4*z. What is the greatest common divisor of z and 42?
21
Let z be (96/(-30) - -4)/(4/70). Let p = 103 - 33. Calculate the highest common divisor of z and p.
14
Let a(r) = -r**3 + 20*r**2 - 4*r - 236. Let c be a(19). Let d be 2 - ((-3 - -2) + 23). Let t = -13 - d. What is the greatest common divisor of c and t?
7
Let w = 28 - 17. Let l be (-1105)/(-13) - -12 - -2. What is the greatest common divisor of l and w?
11
Let q = -19 - -35. Let y = 8 + -36. Let j = 172 + y. What is the greatest common divisor of j and q?
16
Let b be 128/(-112)*(-42)/4. What is the greatest common factor of b and 1236?
12
Suppose 4*o = o + 315. Let j = o - 57. Calculate the greatest common factor of j and 48.
48
Suppose 0 = 2*m + 11*m - 65. Suppose u + 1 = -0. Let c(h) = 6*h**2 + h. Let f be c(u). What is the greatest common divisor of f and m?
5
Suppose -30*o - 279 = -999. Calculate the greatest common divisor of o and 204.
12
Let l = 307 - 285. Suppose 0 = 3*a - 72 - 93. What is the greatest common divisor of l and a?
11
Let c be (94/(-8) + 8)/((-6)/56). What is the greatest common factor of c and 385?
35
Suppose -3060 = -4*r - 3*v, -48*r + 1530 = -46*r - 2*v. What is the highest common factor of r and 135?
45
Let y be (-222)/(-2) + (-4)/1. Let r = y + 46. Suppose 0*v - r = -3*v. Calculate the greatest common divisor of 17 and v.
17
Suppose -29*h = -19*h - 90. Suppose n + 300 = 6*n. Let t = -15 + n. What is the greatest common factor of h and t?
9
Let z be (-476)/(-3) - 7*(-24)/(-252). Calculate the greatest common factor of z and 237.
79
Suppose -4*t + 28 = 4*z, -4*z - 267*t = -272*t - 91. Suppose -3*w - 1 + 4 = 0. What is the greatest common divisor of z and w?
1
Suppose 2*p + 6*b - b - 160 = 0, 0 = 2*p + b - 160. Let x be 4/(-6) + (-161)/(-3). Let z = p - x. Calculate the highest common factor of z and 189.
27
Let v = 745 + -305. Calculate the greatest common divisor of v and 40.
40
Let x(n) = 4*n**3 + 2*n**2 - 2*n + 4. Suppose -16 = -8*j - 0. Let w be x(j). Calculate the highest common divisor of 200 and w.
40
Let n be ((-24)/9)/(-2)*(-429)/(-26). Calculate the highest common factor of 66 and n.
22
Let b be -8 + (-371)/(-7) + 1*-5. What is the highest common divisor of 920 and b?
40
Suppose 5*c = 76 - 46. What is the highest common factor of c and 186?
6
Suppose 5*f = -5*z - 80, -2*z = -3*z - 3*f - 20. Let g(w) = -11*w + 11. Let n be g(z). Calculate the greatest common divisor of 15 and n.
15
Suppose 0 = -3*w - 0*w + 72. Let f(i) = -i - 12. Let u be f(-5). Let k be (-115)/(-35) + 2/u. What is the highest common factor of w and k?
3
Suppose 28*o - 756 = 24*o. Calculate the highest common factor of 147 and o.
21
Let s(y) = -y**2 + 7*y - 15. Let l be s(7). Let n = 28 + l. What is the highest common factor of n and 117?
13
Let l(y) = y**3 - 4*y**2 - 1. Let f be l(3). Let c be f/30 - (-146)/6. Suppose 3 = r - c. What is the highest common factor of r and 27?
27
Let f = 26 + -29. Let r be f + 4/(-1)*-2. What is the highest common factor of r and 45?
5
Suppose -2 = -2*n + n. Suppose -2*i + 36 = n*i - 2*x, 3*x - 12 = 0. What is the highest common factor of i and 1?
1
Let x be 2 + (-3 - -4) - -3. Suppose x*y - 200 = -2*y. What is the greatest common divisor of 5 and y?
5
Let q be (-5362)/(-70) - (-3)/(-5). Calculate the highest common divisor of 285 and q.
19
Let s be (-28)/210 + 1/((-30)/(-10084)). Calculate the highest common factor of 48 and s.
48
Let s(j) = -j**2 + 11*j - 9. Suppose -16 - 8 = -3*b. Let l be s(b). Calculate the greatest common factor of 15 and l.
15
Let w(i) be the third derivative of i**5/60 - i**4/6 + i**3/2 + 19*i**2. Let b be w(-4). What is the highest common factor of 21 and b?
7
Let j(q) = -q**2 - 3*q + 17. Let f be j(-8). Let s = f - -23. Suppose s = 8*k - 5*k - 6. What is the highest common divisor of 14 and k?
2
Suppose 33 = 2*j - 17. Let r be 20/((-1)/(-5) + 0/(-3)). What is the greatest common factor of j and r?
25
Suppose 6414 = 5*x - 3*h + 2471, -5*x - h = -3959. What is the highest common factor of x and 339?
113
Suppose 5*s = 4*b - 72, 5*b - 35 = -3*s + 18. What is the highest common factor of 351 and b?
13
Suppose -4*i = -q + 4, 3*i = -2*i. Let n = q + -2. Suppose n = a - 11. What is the greatest common divisor of a and 26?
13
Let w be (3 - -3 - (1 + 3)) + 517. Suppose 7*n - w = 706. What is the highest common factor of 25 and n?
25
Let x(c) = c**2 + 7*c + 9. Let p be x(-11). Let o = 75 - p. Calculate the greatest common divisor of o and 154.
22
Let v = 81 - -101. What is the highest common divisor of 273 and v?
91
Let f be (1/(-3))/((-5)/30). Let y be 110/25 - f/5. Let g be ((-8)/(-6))/(-1)*-12. What is the greatest common divisor of y and g?
4
Let f(o) = 4*o**2 - o - 6. Let k(x) = x**2 - x. Let r(m) = f(m) - 3*k(m). Let s = -8 + 3. Let w be r(s). What is the greatest common factor of 81 and w?
9
Suppose 96*i - 69*i - 243 = 0. What is the highest common factor of 5 and i?
1
Suppose -5*v + 2*g + 2*g - 26 = 0, 5*v + 22 = 3*g. Let o(f) = f**2 - 2*f - 3. Let y be o(v). Calculate the greatest common divisor of y and 40.
5
Let d(h) = h + 11. Let w be d(-7)